**3 - 8*a**2 - a. Determine m(2).
102
Let f(k) = 9*k**2 + 69*k - 159. Determine f(2).
15
Let l(o) = 105*o - 5. Give l(-2).
-215
Let a(b) = b**3 + b**2 - 9*b + 218. Determine a(0).
218
Let z(r) = 2*r**3 - 35*r**2 + 20*r + 180. What is z(-2)?
-16
Let o(s) = 7*s - 686. Give o(102).
28
Let d(f) = 3*f - 207. What is d(92)?
69
Let n(b) = b**3 + 31*b**2 - 24*b + 235. Give n(-32).
-21
Let t(y) = -11*y - 16. Determine t(1).
-27
Let x(n) = -n**3 + 50*n**2 + 13*n - 552. Give x(50).
98
Let i(q) = -14*q + 247. Give i(17).
9
Let c(r) = 17*r + 140. Determine c(-18).
-166
Let i(u) = u**3 + 5*u**2 - 103*u - 631. What is i(-6)?
-49
Let r(t) = 71*t - 1358. Give r(33).
985
Let a(k) = -4*k**2 - 243*k - 157. Give a(-60).
23
Let q(s) = -s**3 + s**2 + 9. Give q(6).
-171
Let t(j) = -3*j - 7. Give t(-2).
-1
Let f(c) = -2*c**2 - 101*c + 81. Calculate f(-51).
30
Let i(u) = 72*u + 1779. Calculate i(-25).
-21
Let g(f) = 603*f - 1804. What is g(3)?
5
Let k(f) = -1320*f - 9235. Give k(-7).
5
Let t(b) = 79*b**2 - 74*b + 75. Calculate t(1).
80
Let n(w) = w - 100. What is n(-20)?
-120
Let x(n) = 2*n**3 - 28*n**2 - 9*n + 111. Give x(14).
-15
Let h(t) = 124*t + 751. Calculate h(-5).
131
Let w(i) = -829*i - 15745. Determine w(-19).
6
Let j(t) = -78*t**3 + 1717*t**2 - 25*t + 48. Give j(22).
-18
Let y(u) = u**2 + 44*u + 438. Calculate y(-21).
-45
Let x(p) = 30*p**2 + 3896*p - 496. Determine x(-130).
24
Let v(g) = 245*g**3 + 6*g**2 - 13*g - 12. Give v(-1).
-238
Let v(s) = -s**3 + 106*s**2 - 211*s + 279. Give v(104).
-33
Let s(q) = q**2 - 18*q - 643. Determine s(33).
-148
Let n(z) = 16565*z + 149079. Give n(-9).
-6
Let v(p) = -3*p**2 + 159. Calculate v(9).
-84
Let x(b) = -10299*b + 102988. Determine x(10).
-2
Let d(q) = -q**3 - 162*q**2 + 166*q + 470. What is d(-163)?
-19
Let k(r) = -r**2 + 83*r - 15. Give k(0).
-15
Let c(v) = 18*v - 190. Give c(17).
116
Let s(u) = -u**3 + 34*u**2 - 28*u - 225. What is s(33)?
-60
Let d(i) = -29*i + 273. What is d(24)?
-423
Let x(q) = -2*q**3 + 14*q**2 - q - 7. What is x(7)?
-14
Let v(a) = 64*a - 2708. Give v(42).
-20
Let n(h) = 40*h + 3. Determine n(1).
43
Let i(b) = -2*b**2 - 264*b - 325. Calculate i(-130).
195
Let a(r) = 76*r**2 - 302*r - 4. Determine a(4).
4
Let n(p) = p**2 - p - 106. Give n(13).
50
Let h(n) = -87*n - 514. Calculate h(-6).
8
Let l(j) = 252*j**2 - 10*j + 1. Determine l(-1).
263
Let l(q) = 31*q - 802. What is l(27)?
35
Let t(n) = -n**3 + 25*n**2 - 46*n - 5. Give t(23).
-5
Let d(o) = 8*o - 9. Determine d(2).
7
Let c(y) = -2*y**2 - 8*y - 2. What is c(5)?
-92
Let d(c) = -17*c + 578. Give d(39).
-85
Let h(o) = o**3 - 14*o**2 - 12*o - 326. Determine h(16).
-6
Let r(d) = 2*d**3 - 2*d**2 - 153*d + 296. What is r(2)?
-2
Let o(f) = -f**2 + 90*f - 334. What is o(79)?
535
Let h(y) = 33*y - 23. Give h(2).
43
Let x(c) = -240*c**2 + 482*c + 3. Calculate x(2).
7
Let k(v) = -84*v + 5307. What is k(62)?
99
Let s(y) = y**3 + y**2 + 12*y + 7. Determine s(-3).
-47
Let y(l) = l**2 + 21*l - 593. What is y(16)?
-1
Let d(l) = 3*l**3 - 39*l**2 - 342*l + 20. Give d(19).
20
Let v(f) = 20*f - 238. Calculate v(24).
242
Let g(o) = o**3 + 7*o**2 + 19*o + 13. Determine g(-5).
-32
Let s(m) = -m**3 + 69*m**2 + 79*m - 9989. Determine s(68).
7
Let o(d) = -62*d**2 + 305*d + 21. What is o(5)?
-4
Let g(x) = x**2 + 6*x - 12. Give g(-6).
-12
Let j(y) = -y**2 - 137*y + 1229. Give j(9).
-85
Let y(c) = 28*c - 215. What is y(14)?
177
Let u(r) = 191*r + 3. Determine u(0).
3
Let v(j) = -180*j - 38504. Determine v(-214).
16
Let z(v) = -49*v + 4. Determine z(-5).
249
Let k(h) = -2*h**3 + 48*h**2 - 206*h + 297. Determine k(19).
-7
Let z(k) = -2*k**3 + 20*k**2 + k - 14. Determine z(10).
-4
Let o(g) = g**3 - 9*g**2 - 31*g - 121. Give o(12).
-61
Let s(l) = 138*l**2 - 9*l - 9. Calculate s(-1).
138
Let n(r) = -2*r**3 - 26*r**2 + 135*r - 9. What is n(-17)?
8
Let v(h) = -174*h - 1599. Determine v(-9).
-33
Let t(n) = -8*n**2 + 3*n + 1. What is t(2)?
-25
Let b(d) = -31*d - 601. Determine b(-20).
19
Let b(p) = -p**2 - 78*p - 1077. Determine b(-59).
44
Let d(n) = -146*n**2 - 2*n + 2. Give d(1).
-146
Let v(b) = 2*b**2 + 43*b - 190. Determine v(-26).
44
Let f(k) = 6373*k + 38241. Give f(-6).
3
Let s(y) = -y**3 - 5*y**2 - 3*y - 74. Give s(-7).
45
Let b(q) = -2*q**2 + 13*q + 98. Calculate b(-7).
-91
Let f(c) = -194*c - 1053. Give f(-5).
-83
Let f(a) = -a**3 + 35*a**2 + 45*a - 1565. Determine f(35).
10
Let y(x) = x**3 + 22*x**2 - 15*x + 235. Calculate y(-23).
51
Let m(f) = -18*f + 1659. Calculate m(92).
3
Let j(s) = -s**2 + 68*s - 1077. What is j(23)?
-42
Let t(f) = -1074*f - 2162. Give t(-2).
-14
Let d(h) = -3*h**2 + 4*h - 5. Give d(3).
-20
Let k(v) = -2*v**3 + 16*v**2 - 28*v - 17. Give k(4).
-1
Let r(l) = l**3 + 69*l**2 + 67*l - 101. What is r(-68)?
-33
Let y(n) = 1507*n - 94946. Determine y(63).
-5
Let v(m) = -8*m + 41. Determine v(4).
9
Let u(z) = z**2 + 53*z + 607. Calculate u(-17).
-5
Let o(i) = -56*i + 50. Determine o(5).
-230
Let y(a) = -2*a**3 + 14*a**2 + 455*a - 7. What is y(-12)?
5
Let v(p) = p**3 + 15*p**2 + 53*p - 54. Calculate v(-8).
-30
Let x(h) = 2*h + 289. Give x(-16).
257
Let k(a) = a**3 - 2*a**2 - 33*a - 123. Calculate k(8).
-3
Let u(f) = 227*f - 887. What is u(4)?
21
Let q(r) = -r**2 - 8*r + 47. What is q(-14)?
-37
Let q(k) = -130*k + 384. Calculate q(3).
-6
Let z(t) = -413*t - 17738. What is z(-43)?
21
Let y(z) = 323*z - 104323. Calculate y(323).
6
Let b(y) = 7*y**3 - 22*y**2 + y. Calculate b(3).
-6
Let a(r) = r**3 + 20*r**2 - 44*r + 4. Give a(-22).
4
Let s(t) = 72*t**2 + 449*t - 2. What is s(-6)?
-104
Let p(g) = g**3 + 5*g**2 - g + 25. Determine p(0).
25
Let u(l) = 23*l**2 - 4*l + 32. Calculate u(3).
227
Let x(q) = q**3 + 122*q**2 - 54*q + 8479. Determine x(-123).
-8
Let m(q) = 812*q + 4066. Calculate m(-5).
6
Let x(q) = 3*q + 54. Give x(-14).
12
Let f(i) = i**2 - 62*i - 103. What is f(66)?
161
Let j(n) = n**2 + 54*n + 609. Give j(-16).
1
Let a(x) = -74*x + 70. Give a(6).
-374
Let d(x) = x**2 - 358*x + 7710. Calculate d(23).
5
Let b(z) = -1170*z - 8196. What is b(-7)?
-6
Let s(t) = -t**3 + 11*t**2 - 10*t + 69. Give s(11).
-41
Let h(u) = -786*u + 6294. Calculate h(8).
6
Let c(z) = -39*z - 1359. Calculate c(-35).
6
Let r(q) = -11*q**2 + 36*q - 10. Determine r(3).
-1
Let c(j) = j**3 - j**2 - 25*j + 66. What is c(5)?
41
Let i(y) = -9*y**2 - 101*y - 20. Calculate i(-11).
2
Let i(v) = -3*v**2 + 233*v - 2197. Calculate i(11).
3
Let j(k) = -2*k**3 + 27*k**2 - 30*k - 64. Give j(12).
8
Let g(i) = -i**3 + 22*i**2 - 49*i + 160. Give g(20).
-20
Let o(t) = -5*t**2 - 86*t + 630. Calculate o(7).
-217
Let w(g) = g**3 + 7*g**2 + 52*g + 180. Give w(-4).
20
Let z(q) = 3*q**2 - 58*q + 5. Give z(19).
-14
Let j(b) = -646*b**2 + 12290*b - 303. Determine j(19).
1
Let y(k) = -k**3 + 16*k**2 + 12*k - 34. What is y(17)?
-119
Let j(d) = 3*d**3 - 190*d**2 - 129*d + 57. Determine j(64).
-7
Let z(u) = -28368*u + 113475. What is z(4)?
3
Let r(l) = l**3 - 26*l**2 + 14*l - 368. Calculate r(26).
-4
Let q(s) = -2*s**3 + 97*s**2 + 154*s - 197. What is q(50)?
3
Let k(b) = 1073*b + 2157. Determine k(-2).
11
Let q(s) = -7*s**2 + 24*s - 16. What is q(9)?
-367
Let h(a) = -10*a - 86. Determine h(-6).
-26
Let a(p) = -16*p**2 + 983*p - 197. Calculate a(61).
230
Let u(w) = -655*w - 11783. Determine u(-18).
7
Let k(d) = -79*d - 915. Calculate k(-8).
-283
Let u(a) = -2*a**3 - 22*a**2 + 39*a + 151. Determine u(-11).
-278
Let n(l) = 11*l + 572. What is n(-50)?
22
Let n(g) = g**2 - 23*g - 513. Give n(-14).
5
Let j(q) = 585*q + 7607. Determine j(-13).
2
Let s(n) = -n**3 + 7*n**2 + 145*n + 2. Calculate s(15).
377
Let s(d) = d**2 - 758*d - 61567. Determine s(-74).
1
Let l(b) = -5*b**3 + 64*b**2 + 21*b - 80. Give l(13).
24
Let k(m) = -693*m - 3622. What is k(-5)?
-157
Let j(a) = a**3 + a**2 - 26*a + 38. What is j(-11)?
-886
Let v(d) = -8*d**3 - 19*d**2 - 17*d + 3. What is v(-2)?
25
Let r(m) = 740*m - 23671. What is r(32)?
9
Let n(x) = -6*x**3 - 3*x**2 + 3*x + 6. Give n(0).
6
Let a(m) = -m**3 + 36*m**2 + 73*m + 120. Give a(38).
6
Let r(k) = 7*k - 115. What is r(-5)?
-150
Let d(j) = -3*j**3 - 4*j**2 - 9*j - 57. Give d(-5).
263
Let k(b) = 6*b**2 - 35*b + 149. Determine k(4).
105
Let i(d) = -d**2 - 47*d - 284. Give i(-14).
178
Let a(u) = 121*u + 2586. Give a(-20).
166
Let s(q) = 4*q - 66. What is s(-15)?
-126
Let u(w) = -67*w - 57